e
Is 70872731 prime?
False
Is 31685509 a prime number?
True
Is 1676041 a composite number?
False
Is 151056043 composite?
True
Is 83951947 a prime number?
False
Is 25566605 a prime number?
False
Is 12027427 composite?
False
Is 1044161 a composite number?
False
Is 244423 a prime number?
True
Is 39348977 a prime number?
False
Is 3976321 composite?
True
Is 27223403 a prime number?
True
Is 186246809 a composite number?
True
Is 206040287 composite?
True
Is 177010754 a prime number?
False
Is 203638507 a prime number?
True
Is 7228243 prime?
False
Is 25133729 a prime number?
True
Is 8110021 a prime number?
False
Is 138986369 prime?
False
Is 174420458 composite?
True
Is 52980141 composite?
True
Is 48537449 prime?
True
Is 14810863 prime?
True
Is 144379 prime?
True
Is 117025297 composite?
True
Is 6673907 composite?
True
Is 9858193 prime?
True
Is 188387437 a composite number?
True
Is 1021277 prime?
False
Is 3598969 a composite number?
True
Is 110684801 a composite number?
True
Is 604363 prime?
False
Is 7440857 a prime number?
True
Is 8253409 composite?
True
Is 42380557 a prime number?
False
Is 649742495 composite?
True
Is 422324635 prime?
False
Is 360973511 a composite number?
False
Is 23825051 composite?
False
Is 68968121 a prime number?
True
Is 7893503 a composite number?
False
Is 1885501 composite?
False
Is 169189 composite?
True
Is 51184333 a composite number?
True
Is 30847847 a prime number?
True
Is 2269699 a prime number?
True
Is 8660969 prime?
True
Is 3732749 a prime number?
False
Is 336984209 a composite number?
True
Is 1554873 prime?
False
Is 325389997 a composite number?
False
Is 6970121 a composite number?
True
Is 2950769 composite?
True
Is 743707617 prime?
False
Is 8106001 composite?
False
Is 4293361 a prime number?
True
Is 106607881 a composite number?
False
Is 30219835 prime?
False
Is 1883317 composite?
False
Is 12654227 prime?
False
Is 212377849 composite?
False
Is 32547685 composite?
True
Is 7307581 a prime number?
True
Is 9820099 prime?
True
Is 1299709 composite?
False
Is 719643869 a composite number?
True
Is 81655657 a prime number?
False
Is 16921577 a composite number?
False
Is 80563533 a prime number?
False
Is 80291339 a composite number?
False
Is 2512501 composite?
False
Is 1528771 prime?
True
Is 83661983 a composite number?
False
Is 167934869 composite?
True
Is 822667 a prime number?
True
Is 22307771 prime?
True
Is 1809251 a composite number?
True
Is 135637 composite?
False
Is 17209919 a prime number?
True
Is 683119 composite?
False
Is 2482567 prime?
True
Is 1183485665 a composite number?
True
Is 12100301 composite?
True
Is 16350787 a prime number?
False
Is 225365929 a composite number?
False
Is 926798 prime?
False
Is 778049 a composite number?
False
Is 3784987 a prime number?
True
Is 245650649 prime?
False
Is 1822813 a composite number?
True
Is 182111071 prime?
True
Is 2152517 a composite number?
False
Is 23188439 a composite number?
True
Is 1295941421 prime?
True
Is 15552079 a composite number?
True
Is 43710123 prime?
False
Is 7832509 a prime number?
True
Is 6578857 prime?
True
Is 175949791 composite?
True
Is 148063777 a composite number?
True
Is 11559293 a composite number?
False
Is 23707807 composite?
False
Is 24298447 a composite number?
True
Is 127207 a composite number?
False
Is 4614737 prime?
False
Is 3969051 a composite number?
True
Is 92122053 a composite number?
True
Is 297037231 composite?
False
Is 70077967 a composite number?
True
Is 10400989 a prime number?
False
Is 48487457 composite?
True
Is 166995887 prime?
True
Is 268127 prime?
False
Is 198937973 a prime number?
False
Is 4965509 a prime number?
True
Is 2303321 composite?
False
Is 2323291 composite?
True
Is 12010151 a prime number?
True
Is 56150807 a composite number?
False
Is 3740837 prime?
True
Is 16957391 a composite number?
True
Is 51930997 a composite number?
False
Is 3516151 a prime number?
False
Is 20673073 composite?
True
Is 62180227 a composite number?
False
Is 2119829 prime?
True
Is 21522601 prime?
True
Is 753097 prime?
False
Is 8695633 a composite number?
True
Is 157587 a prime number?
False
Is 179006978 a composite number?
True
Is 19271935 a prime number?
False
Is 167919879 prime?
False
Is 49978097 composite?
True
Is 13637011 a prime number?
True
Is 701377 a composite number?
False
Is 49907977 prime?
False
Is 557693 a composite number?
False
Is 5330569 composite?
True
Is 283195393 prime?
False
Is 16195987 a prime number?
True
Is 10001903 composite?
False
Is 328002569 composite?
False
Is 6952159 a prime number?
True
Is 21243155 a prime number?
False
Is 80373617 a prime number?
False
Is 9918527 a composite number?
True
Is 10383599 a prime number?
True
Is 2325761 composite?
False
Is 4892597 a composite number?
True
Is 312491 prime?
False
Is 11919043 a composite number?
False
Is 10868449 a prime number?
False
Is 5463491 a composite number?
True
Is 7187959 a prime number?
False
Is 160777801 composite?
False
Is 154693633 prime?
False
Is 7693151 prime?
False
Is 2706953 prime?
True
Is 508519309 prime?
True
Is 127565351 a prime number?
True
Is 7814327 a composite number?
True
Is 17788051 a prime number?
True
Is 32022281 a composite number?
True
Is 178252621 a prime number?
False
Is 4461097 composite?
True
Is 98867573 composite?
True
Is 28613009 a composite number?
True
Is 25865393 prime?
False
Is 2182559 composite?
False
Is 60259295 a composite number?
True
Is 1890661 composite?
True
Is 448718683 prime?
False
Is 16730081 a composite number?
False
Is 14963653 a prime number?
True
Is 64518617 a prime number?
True
Is 7420643 a prime number?
True
Is 9250249 composite?
True
Is 232789309 a composite number?
False
Is 31319251 a prime number?
True
Is 6911939 composite?
False
Is 23163287 a prime number?
False
Is 134754143 a composite number?
True
Is 3516749 a prime number?
True
Is 16288121 a prime number?
True
Is 540835231 composite?
False
Is 12637213 a prime number?
True
Is 14619889 a prime number?
False
Is 2650898 composite?
True
Is 30273647 a prime number?
False
Is 6132403 composite?
False
Is 25750157 prime?
True
Is 22832639 composite?
False
Is 18119471 composite?
True
Is 19536481 prime?
False
Is 17137733 a composite number?
False
Is 112604443 composite?
True
Is 27087287 composite?
False
Is 102049033 a prime number?
True
Is 2705413 prime?
True
Is 3519083 prime?
True
Is 537024941 a composite number?
True
Is 157229 a composite number?
False
Is 68578177 composite?
True
Is 750155173 a prime number?
False
Is 190501427 a composite number?
True
Is 57547483 a composite number?
True
Is 37139771 prime?
True
Is 499291214 composite?
True
Is 61917337 composite?
True
Is 546243571 a composite number?
False
Is 32228453 prime?
True
Is 216273829 a prime number?
False
Is 297263 composite?
False
Is 2940667 a composite number?
False
Is 14998309 a prime number?
True
Is 67652191 prime?
True
Is 42018127 composite?
False
Is 29604343 composite?
False
Is 59887727 prime?
True
Is 53168483 prime?
True
Is 2778967 a composite number?
False
Is 3303362 a prime number?
False
Is 27925249 a composite number?
True
Is 730547 a composite number?
True
Is 164832001 prime?
True
Is 38989 prime?
False
Is 6785815 prime?
False
Is 20161727 prime?
True
Is 105390691 composite?
True
Is 16636297 composite?
True
Is 98781281 composite?
True
Is 80695019 a prime number?
False
Is 13574831 a composite number?
False
Is 2039802079 a composite number?
True
Is 63767783 prime?
True
Is 375842 a prime number?
False
Is 300029109 a prime number?
False
Is 178162697 prime?
False
Is 890287 composite?
False
Is 861198311 a prime number?
True
Is 57315593 a prime number?
True
Is 207211 a composite number?
True
Is 23762341 prime?
True
Is 51300407 prime?
False
Is 8309513 composite?
True
Is 18526187 composite?
False
Is 301031 a composite number?
True
Is 869932835 a composite number?
True
Is 35571563 composite?
False
Is 6717707 composite?
True
Is 7285769 composite?
True
Is 111486677 composite?
True
Is 8486537 composite?
False
Is 2767537 a prime number?
False
Is 1700602 a composite number?
True
Is 7069661 prime?
True
Is 2730869 a prime number?
True
Is 99239771 a prime number?
True
Is 3258659 composite?
False
Is 54868069 composite?
False
Is 111566647 a composite number?
True
Is 372659849 a composite number?
False
Is 2805587 composite?
False
Is 